{"id":265,"date":"2022-09-25T19:29:08","date_gmt":"2022-09-25T19:29:08","guid":{"rendered":"http:\/\/kamenzer-jagdverband.com\/?page_id=265"},"modified":"2024-03-18T21:22:36","modified_gmt":"2024-03-18T21:22:36","slug":"impressum","status":"publish","type":"page","link":"https:\/\/kamenzer-jagdverband.de\/?page_id=265","title":{"rendered":"Impressum"},"content":{"rendered":"\t\t<div data-elementor-type=\"wp-page\" data-elementor-id=\"265\" class=\"elementor elementor-265\">\n\t\t\t\t\t\t<section class=\"elementor-section elementor-top-section elementor-element elementor-element-dd3faf7 elementor-section-boxed elementor-section-height-default elementor-section-height-default\" data-id=\"dd3faf7\" data-element_type=\"section\" data-e-type=\"section\">\n\t\t\t\t\t\t<div class=\"elementor-container elementor-column-gap-default\">\n\t\t\t\t\t<div class=\"elementor-column elementor-col-100 elementor-top-column elementor-element elementor-element-4417a74\" data-id=\"4417a74\" data-element_type=\"column\" data-e-type=\"column\">\n\t\t\t<div class=\"elementor-widget-wrap elementor-element-populated\">\n\t\t\t\t\t\t<div class=\"elementor-element elementor-element-45cc985 elementor-widget elementor-widget-text-editor\" data-id=\"45cc985\" data-element_type=\"widget\" data-e-type=\"widget\" data-widget_type=\"text-editor.default\">\n\t\t\t\t<div class=\"elementor-widget-container\">\n\t\t\t\t\t\t\t\t\t<div><h2>Impressum<\/h2><p>\u00a0<\/p><p>Diese Internetseiten wurden erstellt vom Kamenzer Jagdverband e. V.<\/p><p>Der Verband ist eingetragen beim Amtsgericht <b>Dresden <\/b>im Vereinsregister unter der Nummer 284.<br \/>Er wird nach au\u00dfen durch den Vorsitzenden Gunter Franke vertreten. Der Kamenzer Jagdverband (KJV) ist entsprechend \u00a7 19 UStG (Kleinunternehmen) umsatzsteuerbefreit.<\/p><p>Die Anschrift des Verbandes lautet:<\/p><p>Kamenzer Jagdverband e. V.<\/p><p>Vorsitzender: Gunter Franke<\/p><p>Am Silberberg 9<br \/>01454 Radeberg<\/p><p>Telefon: 03528 410164<\/p><\/div><div>E-Mail: kjvkamenz[at]jagd-sachsen.de<br \/>Internet: kamenzer-jagdverband.de<\/div><div><p>Der Verband ist anerkannte Naturschutzvereinigung nach \u00a7 32 des S\u00e4chsischen Naturschutzgesetzes in Verbindung mit \u00a7 63 des Bundesnaturschutzgesetzes.<\/p><p>Der KJV \u00fcbernimmt keinerlei Gew\u00e4hr f\u00fcr die Aktualit\u00e4t, Korrektheit, oder Vollst\u00e4ndigkeit der bereitgestellten Informationen.<\/p><p>Der KJV erkl\u00e4rt ausdr\u00fccklich, dass zum Zeitpunkt der Linksetzung die entsprechenden verlinkten Seiten frei von illegalen<br \/>Inhalten waren. Der Autor hat keinerlei Einfluss auf die aktuelle und zuk\u00fcnftige Gestaltung und auf die Inhalte der verlinkten Seiten. Er \u00fcbernimmt deshalb keine Verantwortung f\u00fcr die Inhalte fremder Homepages, auch wenn diese \u00fcber Links erreichbar sind.<\/p><p>Texte, Fotos und Grafiken dieser Seite sind gesch\u00fctzt und d\u00fcrfen nicht frei verwendet werden, sofern dies nicht ausdr\u00fccklich gestattet ist.<\/p><\/div>\t\t\t\t\t\t\t\t<\/div>\n\t\t\t\t<\/div>\n\t\t\t\t\t<\/div>\n\t\t<\/div>\n\t\t\t\t\t<\/div>\n\t\t<\/section>\n\t\t\t\t<\/div>\n\t\t","protected":false},"excerpt":{"rendered":"<p>Impressum \u00a0 Diese Internetseiten wurden erstellt vom Kamenzer Jagdverband e. V. Der Verband ist eingetragen beim Amtsgericht Dresden im Vereinsregister unter der Nummer 284.Er wird nach au\u00dfen durch den Vorsitzenden Gunter Franke vertreten. Der Kamenzer Jagdverband (KJV) ist entsprechend \u00a7 19 UStG (Kleinunternehmen) umsatzsteuerbefreit. Die Anschrift des Verbandes lautet: Kamenzer Jagdverband e. V. Vorsitzender: Gunter [&hellip;]<\/p>\n","protected":false},"author":1,"featured_media":0,"parent":0,"menu_order":0,"comment_status":"closed","ping_status":"closed","template":"","meta":{"site-sidebar-layout":"no-sidebar","site-content-layout":"","ast-site-content-layout":"default","site-content-style":"default","site-sidebar-style":"default","ast-global-header-display":"","ast-banner-title-visibility":"","ast-main-header-display":"","ast-hfb-above-header-display":"","ast-hfb-below-header-display":"","ast-hfb-mobile-header-display":"","site-post-title":"","ast-breadcrumbs-content":"","ast-featured-img":"","footer-sml-layout":"","ast-disable-related-posts":"","theme-transparent-header-meta":"","adv-header-id-meta":"","stick-header-meta":"","header-above-stick-meta":"","header-main-stick-meta":"","header-below-stick-meta":"","astra-migrate-meta-layouts":"default","ast-page-background-enabled":"default","ast-page-background-meta":{"desktop":{"background-color":"","background-image":"","background-repeat":"repeat","background-position":"center center","background-size":"auto","background-attachment":"scroll","background-type":"","background-media":"","overlay-type":"","overlay-color":"","overlay-opacity":"","overlay-gradient":""},"tablet":{"background-color":"","background-image":"","background-repeat":"repeat","background-position":"center center","background-size":"auto","background-attachment":"scroll","background-type":"","background-media":"","overlay-type":"","overlay-color":"","overlay-opacity":"","overlay-gradient":""},"mobile":{"background-color":"","background-image":"","background-repeat":"repeat","background-position":"center center","background-size":"auto","background-attachment":"scroll","background-type":"","background-media":"","overlay-type":"","overlay-color":"","overlay-opacity":"","overlay-gradient":""}},"ast-content-background-meta":{"desktop":{"background-color":"var(--ast-global-color-5)","background-image":"","background-repeat":"repeat","background-position":"center center","background-size":"auto","background-attachment":"scroll","background-type":"","background-media":"","overlay-type":"","overlay-color":"","overlay-opacity":"","overlay-gradient":""},"tablet":{"background-color":"var(--ast-global-color-5)","background-image":"","background-repeat":"repeat","background-position":"center center","background-size":"auto","background-attachment":"scroll","background-type":"","background-media":"","overlay-type":"","overlay-color":"","overlay-opacity":"","overlay-gradient":""},"mobile":{"background-color":"var(--ast-global-color-5)","background-image":"","background-repeat":"repeat","background-position":"center center","background-size":"auto","background-attachment":"scroll","background-type":"","background-media":"","overlay-type":"","overlay-color":"","overlay-opacity":"","overlay-gradient":""}},"footnotes":""},"class_list":["post-265","page","type-page","status-publish","hentry"],"_links":{"self":[{"href":"https:\/\/kamenzer-jagdverband.de\/index.php?rest_route=\/wp\/v2\/pages\/265","targetHints":{"allow":["GET"]}}],"collection":[{"href":"https:\/\/kamenzer-jagdverband.de\/index.php?rest_route=\/wp\/v2\/pages"}],"about":[{"href":"https:\/\/kamenzer-jagdverband.de\/index.php?rest_route=\/wp\/v2\/types\/page"}],"author":[{"embeddable":true,"href":"https:\/\/kamenzer-jagdverband.de\/index.php?rest_route=\/wp\/v2\/users\/1"}],"replies":[{"embeddable":true,"href":"https:\/\/kamenzer-jagdverband.de\/index.php?rest_route=%2Fwp%2Fv2%2Fcomments&post=265"}],"version-history":[{"count":41,"href":"https:\/\/kamenzer-jagdverband.de\/index.php?rest_route=\/wp\/v2\/pages\/265\/revisions"}],"predecessor-version":[{"id":2578,"href":"https:\/\/kamenzer-jagdverband.de\/index.php?rest_route=\/wp\/v2\/pages\/265\/revisions\/2578"}],"wp:attachment":[{"href":"https:\/\/kamenzer-jagdverband.de\/index.php?rest_route=%2Fwp%2Fv2%2Fmedia&parent=265"}],"curies":[{"name":"wp","href":"https:\/\/api.w.org\/{rel}","templated":true}]}}