{"id":1359,"date":"2022-11-27T20:29:27","date_gmt":"2022-11-27T20:29:27","guid":{"rendered":"http:\/\/kamenzer-jagdverband.com\/?page_id=1359"},"modified":"2024-07-04T12:23:49","modified_gmt":"2024-07-04T12:23:49","slug":"jagdliches-schiessen","status":"publish","type":"page","link":"https:\/\/kamenzer-jagdverband.de\/?page_id=1359","title":{"rendered":"Jagdliches Schie\u00dfen"},"content":{"rendered":"\t\t<div data-elementor-type=\"wp-page\" data-elementor-id=\"1359\" class=\"elementor elementor-1359\">\n\t\t\t\t\t\t<section class=\"elementor-section elementor-top-section elementor-element elementor-element-10f91fd7 elementor-section-height-min-height elementor-section-boxed elementor-section-height-default elementor-section-items-middle\" data-id=\"10f91fd7\" data-element_type=\"section\" data-e-type=\"section\" data-settings=\"{&quot;background_background&quot;:&quot;classic&quot;,&quot;shape_divider_bottom&quot;:&quot;wave-brush&quot;,&quot;animation&quot;:&quot;none&quot;}\">\n\t\t\t\t\t<div class=\"elementor-shape elementor-shape-bottom\" aria-hidden=\"true\" data-negative=\"false\">\n\t\t\t<svg xmlns=\"http:\/\/www.w3.org\/2000\/svg\" viewBox=\"0 0 283.5 27.8\" preserveAspectRatio=\"none\">\n\t<path class=\"elementor-shape-fill\" d=\"M283.5,9.7c0,0-7.3,4.3-14,4.6c-6.8,0.3-12.6,0-20.9-1.5c-11.3-2-33.1-10.1-44.7-5.7\ts-12.1,4.6-18,7.4c-6.6,3.2-20,9.6-36.6,9.3C131.6,23.5,99.5,7.2,86.3,8c-1.4,0.1-6.6,0.8-10.5,2c-3.8,1.2-9.4,3.8-17,4.7\tc-3.2,0.4-8.3,1.1-14.2,0.9c-1.5-0.1-6.3-0.4-12-1.6c-5.7-1.2-11-3.1-15.8-3.7C6.5,9.2,0,10.8,0,10.8V0h283.5V9.7z M260.8,11.3\tc-0.7-1-2-0.4-4.3-0.4c-2.3,0-6.1-1.2-5.8-1.1c0.3,0.1,3.1,1.5,6,1.9C259.7,12.2,261.4,12.3,260.8,11.3z M242.4,8.6\tc0,0-2.4-0.2-5.6-0.9c-3.2-0.8-10.3-2.8-15.1-3.5c-8.2-1.1-15.8,0-15.1,0.1c0.8,0.1,9.6-0.6,17.6,1.1c3.3,0.7,9.3,2.2,12.4,2.7\tC239.9,8.7,242.4,8.6,242.4,8.6z M185.2,8.5c1.7-0.7-13.3,4.7-18.5,6.1c-2.1,0.6-6.2,1.6-10,2c-3.9,0.4-8.9,0.4-8.8,0.5\tc0,0.2,5.8,0.8,11.2,0c5.4-0.8,5.2-1.1,7.6-1.6C170.5,14.7,183.5,9.2,185.2,8.5z M199.1,6.9c0.2,0-0.8-0.4-4.8,1.1\tc-4,1.5-6.7,3.5-6.9,3.7c-0.2,0.1,3.5-1.8,6.6-3C197,7.5,199,6.9,199.1,6.9z M283,6c-0.1,0.1-1.9,1.1-4.8,2.5s-6.9,2.8-6.7,2.7\tc0.2,0,3.5-0.6,7.4-2.5C282.8,6.8,283.1,5.9,283,6z M31.3,11.6c0.1-0.2-1.9-0.2-4.5-1.2s-5.4-1.6-7.8-2C15,7.6,7.3,8.5,7.7,8.6\tC8,8.7,15.9,8.3,20.2,9.3c2.2,0.5,2.4,0.5,5.7,1.6S31.2,11.9,31.3,11.6z M73,9.2c0.4-0.1,3.5-1.6,8.4-2.6c4.9-1.1,8.9-0.5,8.9-0.8\tc0-0.3-1-0.9-6.2-0.3S72.6,9.3,73,9.2z M71.6,6.7C71.8,6.8,75,5.4,77.3,5c2.3-0.3,1.9-0.5,1.9-0.6c0-0.1-1.1-0.2-2.7,0.2\tC74.8,5.1,71.4,6.6,71.6,6.7z M93.6,4.4c0.1,0.2,3.5,0.8,5.6,1.8c2.1,1,1.8,0.6,1.9,0.5c0.1-0.1-0.8-0.8-2.4-1.3\tC97.1,4.8,93.5,4.2,93.6,4.4z M65.4,11.1c-0.1,0.3,0.3,0.5,1.9-0.2s2.6-1.3,2.2-1.2s-0.9,0.4-2.5,0.8C65.3,10.9,65.5,10.8,65.4,11.1\tz M34.5,12.4c-0.2,0,2.1,0.8,3.3,0.9c1.2,0.1,2,0.1,2-0.2c0-0.3-0.1-0.5-1.6-0.4C36.6,12.8,34.7,12.4,34.5,12.4z M152.2,21.1\tc-0.1,0.1-2.4-0.3-7.5-0.3c-5,0-13.6-2.4-17.2-3.5c-3.6-1.1,10,3.9,16.5,4.1C150.5,21.6,152.3,21,152.2,21.1z\"\/>\n\t<path class=\"elementor-shape-fill\" d=\"M269.6,18c-0.1-0.1-4.6,0.3-7.2,0c-7.3-0.7-17-3.2-16.6-2.9c0.4,0.3,13.7,3.1,17,3.3\tC267.7,18.8,269.7,18,269.6,18z\"\/>\n\t<path class=\"elementor-shape-fill\" d=\"M227.4,9.8c-0.2-0.1-4.5-1-9.5-1.2c-5-0.2-12.7,0.6-12.3,0.5c0.3-0.1,5.9-1.8,13.3-1.2\tS227.6,9.9,227.4,9.8z\"\/>\n\t<path class=\"elementor-shape-fill\" d=\"M204.5,13.4c-0.1-0.1,2-1,3.2-1.1c1.2-0.1,2,0,2,0.3c0,0.3-0.1,0.5-1.6,0.4\tC206.4,12.9,204.6,13.5,204.5,13.4z\"\/>\n\t<path class=\"elementor-shape-fill\" d=\"M201,10.6c0-0.1-4.4,1.2-6.3,2.2c-1.9,0.9-6.2,3.1-6.1,3.1c0.1,0.1,4.2-1.6,6.3-2.6\tS201,10.7,201,10.6z\"\/>\n\t<path class=\"elementor-shape-fill\" d=\"M154.5,26.7c-0.1-0.1-4.6,0.3-7.2,0c-7.3-0.7-17-3.2-16.6-2.9c0.4,0.3,13.7,3.1,17,3.3\tC152.6,27.5,154.6,26.8,154.5,26.7z\"\/>\n\t<path class=\"elementor-shape-fill\" d=\"M41.9,19.3c0,0,1.2-0.3,2.9-0.1c1.7,0.2,5.8,0.9,8.2,0.7c4.2-0.4,7.4-2.7,7-2.6\tc-0.4,0-4.3,2.2-8.6,1.9c-1.8-0.1-5.1-0.5-6.7-0.4S41.9,19.3,41.9,19.3z\"\/>\n\t<path class=\"elementor-shape-fill\" d=\"M75.5,12.6c0.2,0.1,2-0.8,4.3-1.1c2.3-0.2,2.1-0.3,2.1-0.5c0-0.1-1.8-0.4-3.4,0\tC76.9,11.5,75.3,12.5,75.5,12.6z\"\/>\n\t<path class=\"elementor-shape-fill\" d=\"M15.6,13.2c0-0.1,4.3,0,6.7,0.5c2.4,0.5,5,1.9,5,2c0,0.1-2.7-0.8-5.1-1.4\tC19.9,13.7,15.7,13.3,15.6,13.2z\"\/>\n<\/svg>\t\t<\/div>\n\t\t\t\t\t<div class=\"elementor-container elementor-column-gap-default\">\n\t\t\t\t\t<div class=\"elementor-column elementor-col-100 elementor-top-column elementor-element elementor-element-48495d6\" data-id=\"48495d6\" data-element_type=\"column\" data-e-type=\"column\">\n\t\t\t<div class=\"elementor-widget-wrap elementor-element-populated\">\n\t\t\t\t\t\t<div class=\"elementor-element elementor-element-53fc1ab elementor-widget elementor-widget-heading\" data-id=\"53fc1ab\" data-element_type=\"widget\" data-e-type=\"widget\" data-widget_type=\"heading.default\">\n\t\t\t\t<div class=\"elementor-widget-container\">\n\t\t\t\t\t<h2 class=\"elementor-heading-title elementor-size-default\">Jagdliches Schie\u00dfen<\/h2>\t\t\t\t<\/div>\n\t\t\t\t<\/div>\n\t\t\t\t\t<\/div>\n\t\t<\/div>\n\t\t\t\t\t<\/div>\n\t\t<\/section>\n\t\t\t\t<section class=\"elementor-section elementor-top-section elementor-element elementor-element-5517184f elementor-section-boxed elementor-section-height-default elementor-section-height-default\" data-id=\"5517184f\" data-element_type=\"section\" data-e-type=\"section\">\n\t\t\t\t\t\t<div class=\"elementor-container elementor-column-gap-default\">\n\t\t\t\t\t<div class=\"elementor-column elementor-col-100 elementor-top-column elementor-element elementor-element-2e61ece4\" data-id=\"2e61ece4\" data-element_type=\"column\" data-e-type=\"column\">\n\t\t\t<div class=\"elementor-widget-wrap elementor-element-populated\">\n\t\t\t\t\t\t<div class=\"elementor-element elementor-element-289e2434 elementor-widget elementor-widget-text-editor\" data-id=\"289e2434\" data-element_type=\"widget\" data-e-type=\"widget\" data-widget_type=\"text-editor.default\">\n\t\t\t\t<div class=\"elementor-widget-container\">\n\t\t\t\t\t\t\t\t\t<div class=\"csc-textpic-text\"><p class=\"bodytext\"><b>Das jagdliche Schie\u00dfen f\u00f6rdert \u00dcbung und Fertigkeit im Umgang mit Jagdwaffen.<\/b><\/p><p class=\"bodytext\">Die ethisch und gesetzlich verankerten Grunds\u00e4tze des Tierschutzes und der Waidgerechtigkeit fordern von jedem J\u00e4ger, das Wild so zu erlegen, dass ihm vermeidbare Schmerzen und Leiden erspart bleiben. Daneben sind bei der Jagdaus\u00fcbung die Erfordernisse der \u00f6ffentlichen Sicherheit zu beachten, damit bei der Handhabung der Waffen niemand gef\u00e4hrdet wird. Eine regelm\u00e4\u00dfige Teilnahme am jagdlichen Schie\u00dfen soll dazu f\u00fchren, dass jeder J\u00e4ger diesen Forderungen in steigendem Ma\u00dfe entsprechen kann. Zur F\u00f6rderung der Schie\u00dfleistungen veranstaltet der DJV j\u00e4hrlich eine Bundesmeisterschaft im jagdlichen Schie\u00dfen. Die besten deutschen Sch\u00fctzen messen sich auf den Europameisterschaften. F\u00fcr bestimmte Fertigkeiten gibt es Leistungsabzeichen, die etwa zwei Mal im Jahr beim Gro\u00df-Gold-Schie\u00dfen erlangt werden k\u00f6nnen.<\/p><p class=\"bodytext\">Lesen Sie hier in der aktuellen\u00a0<a href=\"https:\/\/www.jagdverband.de\/sites\/default\/files\/DJV_Schie%C3%9Fvorschrift_01_April_2015_Leseversion.pdf\" target=\"_blank\" rel=\"noopener noreferrer\"><b>DJV-Schie\u00dfstandordnung u. Schie\u00dfvorschrift<\/b><\/a><a href=\"https:\/\/www.jagdverband.de\/sites\/default\/files\/DJV_Schie%C3%9Fvorschrift_01_April_2015_Leseversion.pdf\" target=\"_blank\" rel=\"noopener noreferrer\">\u00a0<\/a>oder erwerben Sie diese im\u00a0<a href=\"https:\/\/djv-shop.de\/\" target=\"_blank\" rel=\"noopener noreferrer\"><b>DJV-Shop<\/b>!<\/a>\u00a0<\/p><p class=\"bodytext\"><b>\u00a71 Abs. 4 S\u00e4chsisches Jagdgesetz | j\u00e4hrlicher Schie\u00dfnachweis<\/b><\/p><p class=\"bodytext\">So steht im Gesetz: &#8222;Wer die Jagd aus\u00fcbt, soll vor Beginn der Jagdaus\u00fcbung im Jagdjahr an einer \u00dcbung im jagdlichen Schie\u00dfen teilgenommen haben&#8220;.<\/p><p class=\"bodytext\">In diesem Zusammenhang sind alle Waidgenossen angehalten, einen entsprechenden Schie\u00dfnachweis, bspw. als Schie\u00dfbuch, eigenverantwortlich zu f\u00fchren und sich durch den Betreiber der Schie\u00dfst\u00e4tte beurkunden zu lassen.\u00a0<\/p><p class=\"bodytext\">Auf der Webseite des Landratsamtes Kamenz gibt es au\u00dferdem ein Formular zur proaktiven \u00dcbermittlung an die untere Jagdbeh\u00f6rde zum Nachweis. Zum Formular &#8222;<i><b>Best\u00e4tigung \u00fcber die Teilnahme einer \u00dcbung im jagdlichen Schie\u00dfen<\/b><\/i>&#8220; klicken Sie <a href=\"https:\/\/fs.egov.sachsen.de\/formserv\/findform?shortname=LRABZ_00036&amp;formtecid=11&amp;areashortname=14272\" target=\"_blank\" rel=\"noopener\"><b>HIER<\/b><\/a>. Eine proaktive Meldung an das Landratsamt ist aktuell nicht verpflichtend. Ebenso muss nicht auf eine DJV-Scheibe geschossen werden. Die Schussabgabe auf sportliche Zielscheiben, wie die DSB- oder Anschussscheibe ist ebenso zul\u00e4ssig. Im Vordergrund steht der verpflichtende Nachweis \u00fcber die Handhabung der jeweils jagdlich gef\u00fchrten Waffen. Als Verband begr\u00fc\u00dfen wir die diese Neuerung und freuen uns, dass diese Gesetzesl\u00fccke zwischen J\u00e4gern und Sportsch\u00fctzen unter dem Aspekt der Sicherheit und des Bed\u00fcrfnisses geschlossen wurde.\u00a0<\/p><p class=\"bodytext\">Der Schie\u00dfobmann, Martin Gebler verf\u00fcgt \u00fcber eine \u00dcbersicht aller relevanter Schie\u00dfst\u00e4tten und Ansprechpartner.\u00a0<\/p><p class=\"bodytext\"><b>\u00dcbungsschie\u00dfen &amp; Hegeringschie\u00dfen<\/b><\/p><p class=\"bodytext\">Jeder J\u00e4ger sollte \u00fcber die gesetzliche Pflicht hinaus nach Ablegen der J\u00e4gerpr\u00fcfung regelm\u00e4\u00dfig seine Fertigkeiten im Umgang mit der Waffe \u00fcberpr\u00fcfen und trainieren &#8211; das sind wir dem Wild schuldig und manche Nachsuche des ablaufenden Jagdjahres mag hier als Beleg dienen.<\/p><p class=\"bodytext\">Auch unsere Hegeringe f\u00fchren selbstst\u00e4ndig in zwangloser Form ihre \u00dcbungs- und Jahresschie\u00dfen durch. <br \/>Die Termine werden von den Hegeringleitern organisiert und bekanntgegeben.<\/p><p class=\"bodytext\"><b>Jahresschie\u00dfnadeln sowie die Nadeln f\u00fcr die Erf\u00fcllung der Bedingungen f\u00fcr das Flinten- und B\u00fcchsenschie\u00dfen werden zentral \u00fcber den Schie\u00dfobmann bestellt und den Hegeringleitern zur Verf\u00fcgung gestellt. Wir bitten um eine Vorlaufzeit von mind. 4 Wochen. <\/b><\/p><p class=\"bodytext\"><a href=\"https:\/\/www.jagdverband.de\/sites\/default\/files\/2018-11_Vordruck_Musterformular_Waffenausleihe.pdf\" target=\"_blank\" rel=\"noopener noreferrer\">Musterformular zur Waffenausleihe (nur J\u00e4ger untereinander, darf nicht verl\u00e4ngert werden!)<\/a><\/p><p class=\"bodytext\"><a href=\"https:\/\/www.jagdverband.de\/sites\/default\/files\/2017-07%20Infografik%20Waffenaufbewahrung%20FV.pdf\" target=\"_blank\" rel=\"noopener noreferrer\">\u00dcbersicht Waffenaufbewahrung (ab 6. Juli 2017)<\/a><\/p><p class=\"bodytext\"><a href=\"https:\/\/www.jagdverband.de\/sites\/default\/files\/2018-11_Vordruck_Kontrolle_Aufbewahrung_Waffen.pdf\" target=\"_blank\" rel=\"noopener noreferrer\">Kontrolle der Aufbewahrung erlaubnispflichtiger Waffen nach \u00a7 36 Abs. 3 WaffenG<\/a><\/p><p class=\"bodytext\"><a href=\"https:\/\/www.jagdverband.de\/sites\/default\/files\/DJV_Schie%C3%9Fvorschrift_01_April_2015_Leseversion.pdf\" target=\"_blank\" rel=\"noopener noreferrer\">DJV-Schie\u00dfstandordnung und Schie\u00dfvorschrift (mit Hinweisen f\u00fcr Standaufsichten)<\/a><\/p><p class=\"bodytext\"><a href=\"https:\/\/www.jagdverband.de\/sites\/default\/files\/schie%C3%9Fscheibe_100m_DJV_CM.pdf\" target=\"_blank\" rel=\"noopener noreferrer\">DJV-Anschussscheibe 100m (cm)<\/a><\/p><p class=\"bodytext\"><a href=\"https:\/\/ljv-sachsen.de\/wp-content\/uploads\/2020\/11\/Schiessstaende-02.11.20202444.pdf\" target=\"_blank\" rel=\"noopener noreferrer\"><b>Liste jagdlicher Schie\u00dfst\u00e4tten in Sachsen (LJV-Sachsen)<\/b><\/a><\/p><\/div>\t\t\t\t\t\t\t\t<\/div>\n\t\t\t\t<\/div>\n\t\t\t\t\t<\/div>\n\t\t<\/div>\n\t\t\t\t\t<\/div>\n\t\t<\/section>\n\t\t\t\t<\/div>\n\t\t","protected":false},"excerpt":{"rendered":"<p>Jagdliches Schie\u00dfen Das jagdliche Schie\u00dfen f\u00f6rdert \u00dcbung und Fertigkeit im Umgang mit Jagdwaffen. Die ethisch und gesetzlich verankerten Grunds\u00e4tze des Tierschutzes und der Waidgerechtigkeit fordern von jedem J\u00e4ger, das Wild so zu erlegen, dass ihm vermeidbare Schmerzen und Leiden erspart bleiben. Daneben sind bei der Jagdaus\u00fcbung die Erfordernisse der \u00f6ffentlichen Sicherheit zu beachten, damit bei [&hellip;]<\/p>\n","protected":false},"author":1,"featured_media":0,"parent":0,"menu_order":0,"comment_status":"closed","ping_status":"closed","template":"","meta":{"site-sidebar-layout":"no-sidebar","site-content-layout":"page-builder","ast-site-content-layout":"default","site-content-style":"default","site-sidebar-style":"default","ast-global-header-display":"","ast-banner-title-visibility":"","ast-main-header-display":"","ast-hfb-above-header-display":"","ast-hfb-below-header-display":"","ast-hfb-mobile-header-display":"","site-post-title":"disabled","ast-breadcrumbs-content":"","ast-featured-img":"","footer-sml-layout":"","ast-disable-related-posts":"","theme-transparent-header-meta":"","adv-header-id-meta":"","stick-header-meta":"","header-above-stick-meta":"","header-main-stick-meta":"","header-below-stick-meta":"","astra-migrate-meta-layouts":"default","ast-page-background-enabled":"default","ast-page-background-meta":{"desktop":{"background-color":"","background-image":"","background-repeat":"repeat","background-position":"center center","background-size":"auto","background-attachment":"scroll","background-type":"","background-media":"","overlay-type":"","overlay-color":"","overlay-opacity":"","overlay-gradient":""},"tablet":{"background-color":"","background-image":"","background-repeat":"repeat","background-position":"center center","background-size":"auto","background-attachment":"scroll","background-type":"","background-media":"","overlay-type":"","overlay-color":"","overlay-opacity":"","overlay-gradient":""},"mobile":{"background-color":"","background-image":"","background-repeat":"repeat","background-position":"center center","background-size":"auto","background-attachment":"scroll","background-type":"","background-media":"","overlay-type":"","overlay-color":"","overlay-opacity":"","overlay-gradient":""}},"ast-content-background-meta":{"desktop":{"background-color":"var(--ast-global-color-5)","background-image":"","background-repeat":"repeat","background-position":"center center","background-size":"auto","background-attachment":"scroll","background-type":"","background-media":"","overlay-type":"","overlay-color":"","overlay-opacity":"","overlay-gradient":""},"tablet":{"background-color":"var(--ast-global-color-5)","background-image":"","background-repeat":"repeat","background-position":"center center","background-size":"auto","background-attachment":"scroll","background-type":"","background-media":"","overlay-type":"","overlay-color":"","overlay-opacity":"","overlay-gradient":""},"mobile":{"background-color":"var(--ast-global-color-5)","background-image":"","background-repeat":"repeat","background-position":"center center","background-size":"auto","background-attachment":"scroll","background-type":"","background-media":"","overlay-type":"","overlay-color":"","overlay-opacity":"","overlay-gradient":""}},"footnotes":""},"class_list":["post-1359","page","type-page","status-publish","hentry"],"_links":{"self":[{"href":"https:\/\/kamenzer-jagdverband.de\/index.php?rest_route=\/wp\/v2\/pages\/1359","targetHints":{"allow":["GET"]}}],"collection":[{"href":"https:\/\/kamenzer-jagdverband.de\/index.php?rest_route=\/wp\/v2\/pages"}],"about":[{"href":"https:\/\/kamenzer-jagdverband.de\/index.php?rest_route=\/wp\/v2\/types\/page"}],"author":[{"embeddable":true,"href":"https:\/\/kamenzer-jagdverband.de\/index.php?rest_route=\/wp\/v2\/users\/1"}],"replies":[{"embeddable":true,"href":"https:\/\/kamenzer-jagdverband.de\/index.php?rest_route=%2Fwp%2Fv2%2Fcomments&post=1359"}],"version-history":[{"count":33,"href":"https:\/\/kamenzer-jagdverband.de\/index.php?rest_route=\/wp\/v2\/pages\/1359\/revisions"}],"predecessor-version":[{"id":2828,"href":"https:\/\/kamenzer-jagdverband.de\/index.php?rest_route=\/wp\/v2\/pages\/1359\/revisions\/2828"}],"wp:attachment":[{"href":"https:\/\/kamenzer-jagdverband.de\/index.php?rest_route=%2Fwp%2Fv2%2Fmedia&parent=1359"}],"curies":[{"name":"wp","href":"https:\/\/api.w.org\/{rel}","templated":true}]}}